{"id":7474,"date":"2018-02-21T07:40:40","date_gmt":"2018-02-21T07:40:40","guid":{"rendered":"http:\/\/fadenkind.ch\/?page_id=7474"},"modified":"2023-12-29T06:54:24","modified_gmt":"2023-12-29T06:54:24","slug":"kissen-und-sitzbezuege-bettschlangen","status":"publish","type":"page","link":"https:\/\/fadenkind.ch\/?page_id=7474","title":{"rendered":"Sitzkissen"},"content":{"rendered":"\n<p class=\"has-very-dark-gray-color has-text-color\">Das Sitzkissen wird indivuell nach deinen W\u00fcnschen erstellt. Beim Sitzkissen setzt sich der Preis aufgrund des Materials, dem Aufwand und dem Schaumstoff zusammen. Der Schaumstoff beziehe ich bei einem Anbieter aus dem Kanton Bern, einem Familienbetrieb, welcher f\u00fcr Schaumstoffe spezialisiert ist.<br \/><br \/>Zur Info: ich biete nur noch komplette Sitzkissen an sprich inkl. Schaumstoff, weil ich die Gegebenheiten des vorhanden Schaumstoffes | Inhaltes nicht kenne und es vorkommen kann, dass der \u00dcberzug \u00fcber den bestehenden Inhalt nicht \u00fcberzogen werden kann. Individuell k\u00f6nnen wir es nat\u00fcrlich anschauen.<\/p>\n\n\n\n<p class=\"has-very-dark-gray-color has-text-color\">Das Sitzkissen biete ich nicht mehr an.<br \/><\/p>\n\n\n\n<div class=\"wp-block-group\"><div class=\"wp-block-group__inner-container is-layout-flow wp-block-group-is-layout-flow\">\n<figure class=\"wp-block-gallery has-nested-images columns-default is-cropped wp-block-gallery-1 is-layout-flex wp-block-gallery-is-layout-flex\">\n<figure class=\"wp-block-image size-large\"><img loading=\"lazy\" decoding=\"async\" width=\"1024\" height=\"1024\" data-id=\"8315\" src=\"https:\/\/fadenkind.ch\/wp-content\/uploads\/2022\/04\/272798229_4129864663782570_8861416995903436621_n-1024x1024.jpg\" alt=\"\" class=\"wp-image-8315\" srcset=\"https:\/\/fadenkind.ch\/wp-content\/uploads\/2022\/04\/272798229_4129864663782570_8861416995903436621_n-1024x1024.jpg 1024w, https:\/\/fadenkind.ch\/wp-content\/uploads\/2022\/04\/272798229_4129864663782570_8861416995903436621_n-300x300.jpg 300w, https:\/\/fadenkind.ch\/wp-content\/uploads\/2022\/04\/272798229_4129864663782570_8861416995903436621_n-150x150.jpg 150w, https:\/\/fadenkind.ch\/wp-content\/uploads\/2022\/04\/272798229_4129864663782570_8861416995903436621_n-768x768.jpg 768w, https:\/\/fadenkind.ch\/wp-content\/uploads\/2022\/04\/272798229_4129864663782570_8861416995903436621_n-1536x1536.jpg 1536w, https:\/\/fadenkind.ch\/wp-content\/uploads\/2022\/04\/272798229_4129864663782570_8861416995903436621_n.jpg 2048w\" sizes=\"auto, (max-width: 1024px) 100vw, 1024px\" \/><\/figure>\n\n\n\n<figure class=\"wp-block-image size-large\"><img loading=\"lazy\" decoding=\"async\" width=\"1024\" height=\"1024\" data-id=\"8316\" src=\"https:\/\/fadenkind.ch\/wp-content\/uploads\/2022\/04\/185954353_3338257889609922_7208971398240387727_n-1024x1024.jpg\" alt=\"\" class=\"wp-image-8316\" srcset=\"https:\/\/fadenkind.ch\/wp-content\/uploads\/2022\/04\/185954353_3338257889609922_7208971398240387727_n-1024x1024.jpg 1024w, https:\/\/fadenkind.ch\/wp-content\/uploads\/2022\/04\/185954353_3338257889609922_7208971398240387727_n-300x300.jpg 300w, https:\/\/fadenkind.ch\/wp-content\/uploads\/2022\/04\/185954353_3338257889609922_7208971398240387727_n-150x150.jpg 150w, https:\/\/fadenkind.ch\/wp-content\/uploads\/2022\/04\/185954353_3338257889609922_7208971398240387727_n-768x768.jpg 768w, https:\/\/fadenkind.ch\/wp-content\/uploads\/2022\/04\/185954353_3338257889609922_7208971398240387727_n.jpg 1440w\" sizes=\"auto, (max-width: 1024px) 100vw, 1024px\" \/><\/figure>\n\n\n\n<figure class=\"wp-block-image size-large\"><img loading=\"lazy\" decoding=\"async\" width=\"1024\" height=\"1024\" data-id=\"8317\" src=\"https:\/\/fadenkind.ch\/wp-content\/uploads\/2022\/04\/165117315_3199122710190108_6694149228052838101_n-1024x1024.jpg\" alt=\"\" class=\"wp-image-8317\" srcset=\"https:\/\/fadenkind.ch\/wp-content\/uploads\/2022\/04\/165117315_3199122710190108_6694149228052838101_n-1024x1024.jpg 1024w, https:\/\/fadenkind.ch\/wp-content\/uploads\/2022\/04\/165117315_3199122710190108_6694149228052838101_n-300x300.jpg 300w, https:\/\/fadenkind.ch\/wp-content\/uploads\/2022\/04\/165117315_3199122710190108_6694149228052838101_n-150x150.jpg 150w, https:\/\/fadenkind.ch\/wp-content\/uploads\/2022\/04\/165117315_3199122710190108_6694149228052838101_n-768x768.jpg 768w, https:\/\/fadenkind.ch\/wp-content\/uploads\/2022\/04\/165117315_3199122710190108_6694149228052838101_n.jpg 1440w\" sizes=\"auto, (max-width: 1024px) 100vw, 1024px\" \/><\/figure>\n<\/figure>\n<\/div><\/div>\n\n\n\n<figure class=\"wp-block-gallery has-nested-images columns-default is-cropped wp-block-gallery-2 is-layout-flex wp-block-gallery-is-layout-flex\">\n<figure class=\"wp-block-image size-full\"><img loading=\"lazy\" decoding=\"async\" width=\"960\" height=\"960\" data-id=\"8318\" src=\"https:\/\/fadenkind.ch\/wp-content\/uploads\/2022\/04\/144292779_3059411330827914_1646499434384435210_n.jpg\" alt=\"\" class=\"wp-image-8318\" srcset=\"https:\/\/fadenkind.ch\/wp-content\/uploads\/2022\/04\/144292779_3059411330827914_1646499434384435210_n.jpg 960w, https:\/\/fadenkind.ch\/wp-content\/uploads\/2022\/04\/144292779_3059411330827914_1646499434384435210_n-300x300.jpg 300w, https:\/\/fadenkind.ch\/wp-content\/uploads\/2022\/04\/144292779_3059411330827914_1646499434384435210_n-150x150.jpg 150w, https:\/\/fadenkind.ch\/wp-content\/uploads\/2022\/04\/144292779_3059411330827914_1646499434384435210_n-768x768.jpg 768w\" sizes=\"auto, (max-width: 960px) 100vw, 960px\" \/><\/figure>\n\n\n\n<figure class=\"wp-block-image size-large\"><img loading=\"lazy\" decoding=\"async\" width=\"1024\" height=\"1024\" data-id=\"8319\" src=\"https:\/\/fadenkind.ch\/wp-content\/uploads\/2022\/04\/131889399_2952737721495276_9054823599788622691_n-1024x1024.jpg\" alt=\"\" class=\"wp-image-8319\" srcset=\"https:\/\/fadenkind.ch\/wp-content\/uploads\/2022\/04\/131889399_2952737721495276_9054823599788622691_n-1024x1024.jpg 1024w, https:\/\/fadenkind.ch\/wp-content\/uploads\/2022\/04\/131889399_2952737721495276_9054823599788622691_n-300x300.jpg 300w, https:\/\/fadenkind.ch\/wp-content\/uploads\/2022\/04\/131889399_2952737721495276_9054823599788622691_n-150x150.jpg 150w, https:\/\/fadenkind.ch\/wp-content\/uploads\/2022\/04\/131889399_2952737721495276_9054823599788622691_n-768x768.jpg 768w, https:\/\/fadenkind.ch\/wp-content\/uploads\/2022\/04\/131889399_2952737721495276_9054823599788622691_n.jpg 1440w\" sizes=\"auto, (max-width: 1024px) 100vw, 1024px\" \/><\/figure>\n\n\n\n<figure class=\"wp-block-image size-large\"><img loading=\"lazy\" decoding=\"async\" width=\"1024\" height=\"1024\" data-id=\"8320\" src=\"https:\/\/fadenkind.ch\/wp-content\/uploads\/2022\/04\/95436576_2363021483800239_5574162342347800576_n-1024x1024.jpg\" alt=\"\" class=\"wp-image-8320\" srcset=\"https:\/\/fadenkind.ch\/wp-content\/uploads\/2022\/04\/95436576_2363021483800239_5574162342347800576_n-1024x1024.jpg 1024w, https:\/\/fadenkind.ch\/wp-content\/uploads\/2022\/04\/95436576_2363021483800239_5574162342347800576_n-300x300.jpg 300w, https:\/\/fadenkind.ch\/wp-content\/uploads\/2022\/04\/95436576_2363021483800239_5574162342347800576_n-150x150.jpg 150w, https:\/\/fadenkind.ch\/wp-content\/uploads\/2022\/04\/95436576_2363021483800239_5574162342347800576_n-768x768.jpg 768w, https:\/\/fadenkind.ch\/wp-content\/uploads\/2022\/04\/95436576_2363021483800239_5574162342347800576_n.jpg 1440w\" sizes=\"auto, (max-width: 1024px) 100vw, 1024px\" \/><\/figure>\n<\/figure>\n","protected":false},"excerpt":{"rendered":"<p>Das Sitzkissen wird indivuell nach deinen W\u00fcnschen erstellt. Beim Sitzkissen setzt sich der Preis aufgrund des Materials, dem Aufwand und dem Schaumstoff zusammen. Der Schaumstoff beziehe ich bei einem Anbieter aus dem Kanton Bern, einem Familienbetrieb, welcher f\u00fcr Schaumstoffe spezialisiert ist. Zur Info: ich biete nur noch komplette Sitzkissen an sprich inkl. Schaumstoff, weil ich [&hellip;]<\/p>\n","protected":false},"author":2,"featured_media":0,"parent":7191,"menu_order":2,"comment_status":"closed","ping_status":"closed","template":"","meta":{"footnotes":""},"class_list":["post-7474","page","type-page","status-publish","hentry"],"_links":{"self":[{"href":"https:\/\/fadenkind.ch\/index.php?rest_route=\/wp\/v2\/pages\/7474","targetHints":{"allow":["GET"]}}],"collection":[{"href":"https:\/\/fadenkind.ch\/index.php?rest_route=\/wp\/v2\/pages"}],"about":[{"href":"https:\/\/fadenkind.ch\/index.php?rest_route=\/wp\/v2\/types\/page"}],"author":[{"embeddable":true,"href":"https:\/\/fadenkind.ch\/index.php?rest_route=\/wp\/v2\/users\/2"}],"replies":[{"embeddable":true,"href":"https:\/\/fadenkind.ch\/index.php?rest_route=%2Fwp%2Fv2%2Fcomments&post=7474"}],"version-history":[{"count":28,"href":"https:\/\/fadenkind.ch\/index.php?rest_route=\/wp\/v2\/pages\/7474\/revisions"}],"predecessor-version":[{"id":8632,"href":"https:\/\/fadenkind.ch\/index.php?rest_route=\/wp\/v2\/pages\/7474\/revisions\/8632"}],"up":[{"embeddable":true,"href":"https:\/\/fadenkind.ch\/index.php?rest_route=\/wp\/v2\/pages\/7191"}],"wp:attachment":[{"href":"https:\/\/fadenkind.ch\/index.php?rest_route=%2Fwp%2Fv2%2Fmedia&parent=7474"}],"curies":[{"name":"wp","href":"https:\/\/api.w.org\/{rel}","templated":true}]}}