{"id":7692,"date":"2019-11-03T13:46:51","date_gmt":"2019-11-03T13:46:51","guid":{"rendered":"http:\/\/fadenkind.ch\/?page_id=7692"},"modified":"2022-04-05T06:34:05","modified_gmt":"2022-04-05T06:34:05","slug":"bienenwachstuecher-und-tueten","status":"publish","type":"page","link":"https:\/\/fadenkind.ch\/?page_id=7692","title":{"rendered":"Bienenwachsprodukte"},"content":{"rendered":"\n<p class=\"has-very-dark-gray-color has-text-color\">Das Bienenwachstuch sowie die Bienenwachstucht\u00fcte bietet fadenkind unter anderem neu auch in einer veganen Variante aus Sojawachs an. F\u00fcr weitere Ausk\u00fcnfte stehe ich dir selbstverst\u00e4ndlich gerne zur Verf\u00fcgung. Die Gr\u00f6sse des Tuches und|oder des S\u00e4cklis kannst du selbst bestimmen. Es soll nach deinen Bed\u00fcrfnissen erstellt werden.<br \/><br \/>Der Preis setzt sich aus der gew\u00fcnschten Gr\u00f6sse zusammen. Das T\u00fcchli mit der Gr\u00f6sse ca. 20&#215;20 cm kostet Chf 7.80. Das S\u00e4ckli in der Gr\u00f6sse von ca. 15&#215;23 cm ist f\u00fcr Chf 14.80 erh\u00e4ltlich.<\/p>\n\n\n\n<p>Viele weitere Beispiele findest du auf meiner fb-Seite.<\/p>\n\n\n\n<p class=\"has-cyan-bluish-gray-color has-text-color\"><\/p>\n\n\n\n<figure class=\"wp-block-gallery has-nested-images columns-default is-cropped wp-block-gallery-1 is-layout-flex wp-block-gallery-is-layout-flex\">\n<figure class=\"wp-block-image size-large\"><img loading=\"lazy\" decoding=\"async\" width=\"1024\" height=\"1024\" data-id=\"8301\" src=\"https:\/\/fadenkind.ch\/wp-content\/uploads\/2022\/04\/72747526_1975112939257764_2918787563076452352_n-1024x1024.jpg\" alt=\"\" class=\"wp-image-8301\" srcset=\"https:\/\/fadenkind.ch\/wp-content\/uploads\/2022\/04\/72747526_1975112939257764_2918787563076452352_n-1024x1024.jpg 1024w, https:\/\/fadenkind.ch\/wp-content\/uploads\/2022\/04\/72747526_1975112939257764_2918787563076452352_n-300x300.jpg 300w, https:\/\/fadenkind.ch\/wp-content\/uploads\/2022\/04\/72747526_1975112939257764_2918787563076452352_n-150x150.jpg 150w, https:\/\/fadenkind.ch\/wp-content\/uploads\/2022\/04\/72747526_1975112939257764_2918787563076452352_n-768x768.jpg 768w, https:\/\/fadenkind.ch\/wp-content\/uploads\/2022\/04\/72747526_1975112939257764_2918787563076452352_n.jpg 1145w\" sizes=\"auto, (max-width: 1024px) 100vw, 1024px\" \/><\/figure>\n\n\n\n<figure class=\"wp-block-image size-full\"><img loading=\"lazy\" decoding=\"async\" width=\"960\" height=\"960\" data-id=\"8302\" src=\"https:\/\/fadenkind.ch\/wp-content\/uploads\/2022\/04\/92429908_2318479441587777_670805232288006144_n.jpg\" alt=\"\" class=\"wp-image-8302\" srcset=\"https:\/\/fadenkind.ch\/wp-content\/uploads\/2022\/04\/92429908_2318479441587777_670805232288006144_n.jpg 960w, https:\/\/fadenkind.ch\/wp-content\/uploads\/2022\/04\/92429908_2318479441587777_670805232288006144_n-300x300.jpg 300w, https:\/\/fadenkind.ch\/wp-content\/uploads\/2022\/04\/92429908_2318479441587777_670805232288006144_n-150x150.jpg 150w, https:\/\/fadenkind.ch\/wp-content\/uploads\/2022\/04\/92429908_2318479441587777_670805232288006144_n-768x768.jpg 768w\" sizes=\"auto, (max-width: 960px) 100vw, 960px\" \/><\/figure>\n\n\n\n<figure class=\"wp-block-image size-full\"><img loading=\"lazy\" decoding=\"async\" width=\"960\" height=\"960\" data-id=\"8303\" src=\"https:\/\/fadenkind.ch\/wp-content\/uploads\/2022\/04\/71572213_1954029684699423_4876692166379831296_n.jpg\" alt=\"\" class=\"wp-image-8303\" srcset=\"https:\/\/fadenkind.ch\/wp-content\/uploads\/2022\/04\/71572213_1954029684699423_4876692166379831296_n.jpg 960w, https:\/\/fadenkind.ch\/wp-content\/uploads\/2022\/04\/71572213_1954029684699423_4876692166379831296_n-300x300.jpg 300w, https:\/\/fadenkind.ch\/wp-content\/uploads\/2022\/04\/71572213_1954029684699423_4876692166379831296_n-150x150.jpg 150w, https:\/\/fadenkind.ch\/wp-content\/uploads\/2022\/04\/71572213_1954029684699423_4876692166379831296_n-768x768.jpg 768w\" sizes=\"auto, (max-width: 960px) 100vw, 960px\" \/><\/figure>\n<\/figure>\n","protected":false},"excerpt":{"rendered":"<p>Das Bienenwachstuch sowie die Bienenwachstucht\u00fcte bietet fadenkind unter anderem neu auch in einer veganen Variante aus Sojawachs an. F\u00fcr weitere Ausk\u00fcnfte stehe ich dir selbstverst\u00e4ndlich gerne zur Verf\u00fcgung. Die Gr\u00f6sse des Tuches und|oder des S\u00e4cklis kannst du selbst bestimmen. Es soll nach deinen Bed\u00fcrfnissen erstellt werden. Der Preis setzt sich aus der gew\u00fcnschten Gr\u00f6sse zusammen. [&hellip;]<\/p>\n","protected":false},"author":2,"featured_media":0,"parent":8364,"menu_order":3,"comment_status":"closed","ping_status":"closed","template":"","meta":{"footnotes":""},"class_list":["post-7692","page","type-page","status-publish","hentry"],"_links":{"self":[{"href":"https:\/\/fadenkind.ch\/index.php?rest_route=\/wp\/v2\/pages\/7692","targetHints":{"allow":["GET"]}}],"collection":[{"href":"https:\/\/fadenkind.ch\/index.php?rest_route=\/wp\/v2\/pages"}],"about":[{"href":"https:\/\/fadenkind.ch\/index.php?rest_route=\/wp\/v2\/types\/page"}],"author":[{"embeddable":true,"href":"https:\/\/fadenkind.ch\/index.php?rest_route=\/wp\/v2\/users\/2"}],"replies":[{"embeddable":true,"href":"https:\/\/fadenkind.ch\/index.php?rest_route=%2Fwp%2Fv2%2Fcomments&post=7692"}],"version-history":[{"count":11,"href":"https:\/\/fadenkind.ch\/index.php?rest_route=\/wp\/v2\/pages\/7692\/revisions"}],"predecessor-version":[{"id":8438,"href":"https:\/\/fadenkind.ch\/index.php?rest_route=\/wp\/v2\/pages\/7692\/revisions\/8438"}],"up":[{"embeddable":true,"href":"https:\/\/fadenkind.ch\/index.php?rest_route=\/wp\/v2\/pages\/8364"}],"wp:attachment":[{"href":"https:\/\/fadenkind.ch\/index.php?rest_route=%2Fwp%2Fv2%2Fmedia&parent=7692"}],"curies":[{"name":"wp","href":"https:\/\/api.w.org\/{rel}","templated":true}]}}