{"id":8006,"date":"2019-12-14T11:43:24","date_gmt":"2019-12-14T11:43:24","guid":{"rendered":"http:\/\/fadenkind.ch\/?page_id=8006"},"modified":"2024-01-29T08:55:55","modified_gmt":"2024-01-29T08:55:55","slug":"dies-und-das-allerlei","status":"publish","type":"page","link":"https:\/\/fadenkind.ch\/?page_id=8006","title":{"rendered":"Allerlei f\u00fcr die K\u00fcche sowie Outdoorbereich"},"content":{"rendered":"\n<p class=\"has-very-dark-gray-color has-text-color\">Anbei ein kleiner Einblick zu weiteren fadenkind-Produkten. Hier zeige ich euch gerne Allerlei an Produkten in und um die K\u00fcche sowie Prdoukte, welche sich f\u00fcr den Outdoorbereich eignen.<\/p>\n\n\n\n<p class=\"has-very-dark-gray-color has-text-color\">F\u00fcr Fragen stehe ich euch gerne zur Verf\u00fcgung unter <a href=\"mailto:info@fadenkind.ch\">info@fadenkind.ch<\/a> oder Messenger.<\/p>\n\n\n\n<figure class=\"wp-block-gallery has-nested-images columns-default is-cropped wp-block-gallery-1 is-layout-flex wp-block-gallery-is-layout-flex\">\n<figure class=\"wp-block-image size-large\"><img loading=\"lazy\" decoding=\"async\" width=\"1024\" height=\"1024\" data-id=\"8404\" src=\"https:\/\/fadenkind.ch\/wp-content\/uploads\/2022\/04\/262010357_3924873760948329_7554738816417424608_n-1024x1024-1-1024x1024.jpg\" alt=\"\" class=\"wp-image-8404\" srcset=\"https:\/\/fadenkind.ch\/wp-content\/uploads\/2022\/04\/262010357_3924873760948329_7554738816417424608_n-1024x1024-1.jpg 1024w, https:\/\/fadenkind.ch\/wp-content\/uploads\/2022\/04\/262010357_3924873760948329_7554738816417424608_n-1024x1024-1-300x300.jpg 300w, https:\/\/fadenkind.ch\/wp-content\/uploads\/2022\/04\/262010357_3924873760948329_7554738816417424608_n-1024x1024-1-150x150.jpg 150w, https:\/\/fadenkind.ch\/wp-content\/uploads\/2022\/04\/262010357_3924873760948329_7554738816417424608_n-1024x1024-1-768x768.jpg 768w\" sizes=\"auto, (max-width: 1024px) 100vw, 1024px\" \/><figcaption class=\"wp-element-caption\">Teighauben &#8211; Mass auf Wunsch<br \/>ab Chf 14.80<\/figcaption><\/figure>\n\n\n\n<figure class=\"wp-block-image size-large\"><img loading=\"lazy\" decoding=\"async\" width=\"1024\" height=\"1024\" data-id=\"8405\" src=\"https:\/\/fadenkind.ch\/wp-content\/uploads\/2022\/04\/270474603_4048143365288034_4297476254995246354_n-1024x1024-1-1024x1024.jpg\" alt=\"\" class=\"wp-image-8405\" srcset=\"https:\/\/fadenkind.ch\/wp-content\/uploads\/2022\/04\/270474603_4048143365288034_4297476254995246354_n-1024x1024-1.jpg 1024w, https:\/\/fadenkind.ch\/wp-content\/uploads\/2022\/04\/270474603_4048143365288034_4297476254995246354_n-1024x1024-1-300x300.jpg 300w, https:\/\/fadenkind.ch\/wp-content\/uploads\/2022\/04\/270474603_4048143365288034_4297476254995246354_n-1024x1024-1-150x150.jpg 150w, https:\/\/fadenkind.ch\/wp-content\/uploads\/2022\/04\/270474603_4048143365288034_4297476254995246354_n-1024x1024-1-768x768.jpg 768w\" sizes=\"auto, (max-width: 1024px) 100vw, 1024px\" \/><figcaption class=\"wp-element-caption\">Tortillahaube, Chf 19.80<\/figcaption><\/figure>\n\n\n\n<figure class=\"wp-block-image size-large\"><img loading=\"lazy\" decoding=\"async\" width=\"1024\" height=\"1024\" data-id=\"8406\" src=\"https:\/\/fadenkind.ch\/wp-content\/uploads\/2022\/04\/272165003_4102046826564354_3659162525560327424_n-1024x1024-1-1024x1024.jpg\" alt=\"\" class=\"wp-image-8406\" srcset=\"https:\/\/fadenkind.ch\/wp-content\/uploads\/2022\/04\/272165003_4102046826564354_3659162525560327424_n-1024x1024-1.jpg 1024w, https:\/\/fadenkind.ch\/wp-content\/uploads\/2022\/04\/272165003_4102046826564354_3659162525560327424_n-1024x1024-1-300x300.jpg 300w, https:\/\/fadenkind.ch\/wp-content\/uploads\/2022\/04\/272165003_4102046826564354_3659162525560327424_n-1024x1024-1-150x150.jpg 150w, https:\/\/fadenkind.ch\/wp-content\/uploads\/2022\/04\/272165003_4102046826564354_3659162525560327424_n-1024x1024-1-768x768.jpg 768w\" sizes=\"auto, (max-width: 1024px) 100vw, 1024px\" \/><figcaption class=\"wp-element-caption\">Hauben beschichtet &#8211; Mass auf Wunsch<br \/>ab Chf 11.80<\/figcaption><\/figure>\n<\/figure>\n\n\n\n<figure class=\"wp-block-gallery has-nested-images columns-default is-cropped wp-block-gallery-2 is-layout-flex wp-block-gallery-is-layout-flex\">\n<figure class=\"wp-block-image size-large\"><img loading=\"lazy\" decoding=\"async\" width=\"1024\" height=\"1024\" data-id=\"8407\" src=\"https:\/\/fadenkind.ch\/wp-content\/uploads\/2022\/04\/275917356_4269241929844842_4565704878148123407_n-1024x1024-1-1024x1024.jpg\" alt=\"\" class=\"wp-image-8407\" srcset=\"https:\/\/fadenkind.ch\/wp-content\/uploads\/2022\/04\/275917356_4269241929844842_4565704878148123407_n-1024x1024-1.jpg 1024w, https:\/\/fadenkind.ch\/wp-content\/uploads\/2022\/04\/275917356_4269241929844842_4565704878148123407_n-1024x1024-1-300x300.jpg 300w, https:\/\/fadenkind.ch\/wp-content\/uploads\/2022\/04\/275917356_4269241929844842_4565704878148123407_n-1024x1024-1-150x150.jpg 150w, https:\/\/fadenkind.ch\/wp-content\/uploads\/2022\/04\/275917356_4269241929844842_4565704878148123407_n-1024x1024-1-768x768.jpg 768w\" sizes=\"auto, (max-width: 1024px) 100vw, 1024px\" \/><figcaption class=\"wp-element-caption\">Backofenk\u00fcchen-T\u00fcchli, Chf 19.80<\/figcaption><\/figure>\n\n\n\n<figure class=\"wp-block-image size-large\"><img loading=\"lazy\" decoding=\"async\" width=\"1024\" height=\"1024\" data-id=\"8408\" src=\"https:\/\/fadenkind.ch\/wp-content\/uploads\/2022\/04\/277347252_4296241347144900_4439754165424042728_n-1024x1024-1-1024x1024.jpg\" alt=\"\" class=\"wp-image-8408\" srcset=\"https:\/\/fadenkind.ch\/wp-content\/uploads\/2022\/04\/277347252_4296241347144900_4439754165424042728_n-1024x1024-1.jpg 1024w, https:\/\/fadenkind.ch\/wp-content\/uploads\/2022\/04\/277347252_4296241347144900_4439754165424042728_n-1024x1024-1-300x300.jpg 300w, https:\/\/fadenkind.ch\/wp-content\/uploads\/2022\/04\/277347252_4296241347144900_4439754165424042728_n-1024x1024-1-150x150.jpg 150w, https:\/\/fadenkind.ch\/wp-content\/uploads\/2022\/04\/277347252_4296241347144900_4439754165424042728_n-1024x1024-1-768x768.jpg 768w\" sizes=\"auto, (max-width: 1024px) 100vw, 1024px\" \/><figcaption class=\"wp-element-caption\">Trinkglasabdeckung, Chf 9.80<\/figcaption><\/figure>\n\n\n\n<figure class=\"wp-block-image size-large\"><img loading=\"lazy\" decoding=\"async\" width=\"1024\" height=\"1024\" data-id=\"8381\" src=\"https:\/\/fadenkind.ch\/wp-content\/uploads\/2022\/04\/71960916_1968948963207495_1427710544382525440_n-1024x1024.jpg\" alt=\"\" class=\"wp-image-8381\" srcset=\"https:\/\/fadenkind.ch\/wp-content\/uploads\/2022\/04\/71960916_1968948963207495_1427710544382525440_n-1024x1024.jpg 1024w, https:\/\/fadenkind.ch\/wp-content\/uploads\/2022\/04\/71960916_1968948963207495_1427710544382525440_n-300x300.jpg 300w, https:\/\/fadenkind.ch\/wp-content\/uploads\/2022\/04\/71960916_1968948963207495_1427710544382525440_n-150x150.jpg 150w, https:\/\/fadenkind.ch\/wp-content\/uploads\/2022\/04\/71960916_1968948963207495_1427710544382525440_n-768x768.jpg 768w, https:\/\/fadenkind.ch\/wp-content\/uploads\/2022\/04\/71960916_1968948963207495_1427710544382525440_n.jpg 1440w\" sizes=\"auto, (max-width: 1024px) 100vw, 1024px\" \/><figcaption class=\"wp-element-caption\">K\u00fcchenschwamm ab Chf 7.80<\/figcaption><\/figure>\n<\/figure>\n\n\n\n<div class=\"wp-block-columns is-layout-flex wp-container-core-columns-is-layout-9d6595d7 wp-block-columns-is-layout-flex\">\n<div class=\"wp-block-column is-layout-flow wp-block-column-is-layout-flow\">\n<figure class=\"wp-block-image size-full\"><a href=\"https:\/\/fadenkind.ch\/wp-content\/uploads\/2022\/04\/159245316_3158045740964472_6861601546959760832_n-1.jpg\"><img loading=\"lazy\" decoding=\"async\" width=\"960\" height=\"960\" src=\"https:\/\/fadenkind.ch\/wp-content\/uploads\/2022\/04\/159245316_3158045740964472_6861601546959760832_n-1.jpg\" alt=\"\" class=\"wp-image-8474\" srcset=\"https:\/\/fadenkind.ch\/wp-content\/uploads\/2022\/04\/159245316_3158045740964472_6861601546959760832_n-1.jpg 960w, https:\/\/fadenkind.ch\/wp-content\/uploads\/2022\/04\/159245316_3158045740964472_6861601546959760832_n-1-300x300.jpg 300w, https:\/\/fadenkind.ch\/wp-content\/uploads\/2022\/04\/159245316_3158045740964472_6861601546959760832_n-1-150x150.jpg 150w, https:\/\/fadenkind.ch\/wp-content\/uploads\/2022\/04\/159245316_3158045740964472_6861601546959760832_n-1-768x768.jpg 768w\" sizes=\"auto, (max-width: 960px) 100vw, 960px\" \/><\/a><figcaption class=\"wp-element-caption\">Lunchbag in drei G\u00f6ssen, ab Chf 19.80<\/figcaption><\/figure>\n<\/div>\n\n\n\n<div class=\"wp-block-column is-layout-flow wp-block-column-is-layout-flow\">\n<figure class=\"wp-block-image size-full\"><a href=\"https:\/\/fadenkind.ch\/wp-content\/uploads\/2022\/04\/159383367_3158045670964479_25722091459690447_n-1.jpg\"><img loading=\"lazy\" decoding=\"async\" width=\"960\" height=\"960\" src=\"https:\/\/fadenkind.ch\/wp-content\/uploads\/2022\/04\/159383367_3158045670964479_25722091459690447_n-1.jpg\" alt=\"\" class=\"wp-image-8475\" srcset=\"https:\/\/fadenkind.ch\/wp-content\/uploads\/2022\/04\/159383367_3158045670964479_25722091459690447_n-1.jpg 960w, https:\/\/fadenkind.ch\/wp-content\/uploads\/2022\/04\/159383367_3158045670964479_25722091459690447_n-1-300x300.jpg 300w, https:\/\/fadenkind.ch\/wp-content\/uploads\/2022\/04\/159383367_3158045670964479_25722091459690447_n-1-150x150.jpg 150w, https:\/\/fadenkind.ch\/wp-content\/uploads\/2022\/04\/159383367_3158045670964479_25722091459690447_n-1-768x768.jpg 768w\" sizes=\"auto, (max-width: 960px) 100vw, 960px\" \/><\/a><figcaption class=\"wp-element-caption\">Wald-Wiesen-Kissen in zwei Gr\u00f6ssen,<br \/>ab Chf 24.80<\/figcaption><\/figure>\n<\/div>\n\n\n\n<div class=\"wp-block-column is-layout-flow wp-block-column-is-layout-flow\">\n<figure class=\"wp-block-image size-large\"><a href=\"https:\/\/fadenkind.ch\/wp-content\/uploads\/2022\/04\/189229749_3355596984542679_3075223779045249709_n-1.jpg\"><img loading=\"lazy\" decoding=\"async\" width=\"1024\" height=\"1024\" src=\"https:\/\/fadenkind.ch\/wp-content\/uploads\/2022\/04\/189229749_3355596984542679_3075223779045249709_n-1-1024x1024.jpg\" alt=\"\" class=\"wp-image-8476\" srcset=\"https:\/\/fadenkind.ch\/wp-content\/uploads\/2022\/04\/189229749_3355596984542679_3075223779045249709_n-1-1024x1024.jpg 1024w, https:\/\/fadenkind.ch\/wp-content\/uploads\/2022\/04\/189229749_3355596984542679_3075223779045249709_n-1-300x300.jpg 300w, https:\/\/fadenkind.ch\/wp-content\/uploads\/2022\/04\/189229749_3355596984542679_3075223779045249709_n-1-150x150.jpg 150w, https:\/\/fadenkind.ch\/wp-content\/uploads\/2022\/04\/189229749_3355596984542679_3075223779045249709_n-1-768x768.jpg 768w, https:\/\/fadenkind.ch\/wp-content\/uploads\/2022\/04\/189229749_3355596984542679_3075223779045249709_n-1.jpg 1440w\" sizes=\"auto, (max-width: 1024px) 100vw, 1024px\" \/><\/a><figcaption class=\"wp-element-caption\">Waschlappen, Chf 6.80<\/figcaption><\/figure>\n<\/div>\n<\/div>\n\n\n\n<div class=\"wp-block-columns is-layout-flex wp-container-core-columns-is-layout-9d6595d7 wp-block-columns-is-layout-flex\">\n<div class=\"wp-block-column is-layout-flow wp-block-column-is-layout-flow\">\n<figure class=\"wp-block-image size-full\"><a href=\"https:\/\/fadenkind.ch\/wp-content\/uploads\/2022\/04\/Kuechen.jpg\"><img loading=\"lazy\" decoding=\"async\" width=\"960\" height=\"960\" src=\"https:\/\/fadenkind.ch\/wp-content\/uploads\/2022\/04\/Kuechen.jpg\" alt=\"\" class=\"wp-image-8478\" srcset=\"https:\/\/fadenkind.ch\/wp-content\/uploads\/2022\/04\/Kuechen.jpg 960w, https:\/\/fadenkind.ch\/wp-content\/uploads\/2022\/04\/Kuechen-300x300.jpg 300w, https:\/\/fadenkind.ch\/wp-content\/uploads\/2022\/04\/Kuechen-150x150.jpg 150w, https:\/\/fadenkind.ch\/wp-content\/uploads\/2022\/04\/Kuechen-768x768.jpg 768w\" sizes=\"auto, (max-width: 960px) 100vw, 960px\" \/><\/a><figcaption class=\"wp-element-caption\">K\u00fcchenmaschinen-Abdeckung auf Mass, Preis auf Anfrage, biete ich nicht mehr an<\/figcaption><\/figure>\n<\/div>\n\n\n\n<div class=\"wp-block-column is-layout-flow wp-block-column-is-layout-flow\">\n<figure class=\"wp-block-image size-full\"><a href=\"https:\/\/fadenkind.ch\/wp-content\/uploads\/2022\/04\/tuechli.jpg\"><img loading=\"lazy\" decoding=\"async\" width=\"960\" height=\"960\" src=\"https:\/\/fadenkind.ch\/wp-content\/uploads\/2022\/04\/tuechli.jpg\" alt=\"\" class=\"wp-image-8479\" srcset=\"https:\/\/fadenkind.ch\/wp-content\/uploads\/2022\/04\/tuechli.jpg 960w, https:\/\/fadenkind.ch\/wp-content\/uploads\/2022\/04\/tuechli-300x300.jpg 300w, https:\/\/fadenkind.ch\/wp-content\/uploads\/2022\/04\/tuechli-150x150.jpg 150w, https:\/\/fadenkind.ch\/wp-content\/uploads\/2022\/04\/tuechli-768x768.jpg 768w\" sizes=\"auto, (max-width: 960px) 100vw, 960px\" \/><\/a><figcaption class=\"wp-element-caption\">Abtrockungst\u00fcchli auf Wunsch,<br \/>Preis auf Anfrage<\/figcaption><\/figure>\n<\/div>\n\n\n\n<div class=\"wp-block-column is-layout-flow wp-block-column-is-layout-flow\">\n<figure class=\"wp-block-image size-full\"><a href=\"https:\/\/fadenkind.ch\/wp-content\/uploads\/2022\/04\/tischsets.jpg\"><img loading=\"lazy\" decoding=\"async\" width=\"960\" height=\"960\" src=\"https:\/\/fadenkind.ch\/wp-content\/uploads\/2022\/04\/tischsets.jpg\" alt=\"\" class=\"wp-image-8480\" srcset=\"https:\/\/fadenkind.ch\/wp-content\/uploads\/2022\/04\/tischsets.jpg 960w, https:\/\/fadenkind.ch\/wp-content\/uploads\/2022\/04\/tischsets-300x300.jpg 300w, https:\/\/fadenkind.ch\/wp-content\/uploads\/2022\/04\/tischsets-150x150.jpg 150w, https:\/\/fadenkind.ch\/wp-content\/uploads\/2022\/04\/tischsets-768x768.jpg 768w\" sizes=\"auto, (max-width: 960px) 100vw, 960px\" \/><\/a><figcaption class=\"wp-element-caption\">Tischset, Preis auf Anfrage<\/figcaption><\/figure>\n<\/div>\n<\/div>\n\n\n\n<div class=\"wp-block-columns is-layout-flex wp-container-core-columns-is-layout-9d6595d7 wp-block-columns-is-layout-flex\">\n<div class=\"wp-block-column is-layout-flow wp-block-column-is-layout-flow\">\n<figure class=\"wp-block-image size-large\"><a href=\"https:\/\/fadenkind.ch\/wp-content\/uploads\/2022\/04\/etui-besteck.jpg\"><img loading=\"lazy\" decoding=\"async\" width=\"1024\" height=\"1024\" src=\"https:\/\/fadenkind.ch\/wp-content\/uploads\/2022\/04\/etui-besteck-1024x1024.jpg\" alt=\"\" class=\"wp-image-8481\" srcset=\"https:\/\/fadenkind.ch\/wp-content\/uploads\/2022\/04\/etui-besteck-1024x1024.jpg 1024w, https:\/\/fadenkind.ch\/wp-content\/uploads\/2022\/04\/etui-besteck-300x300.jpg 300w, https:\/\/fadenkind.ch\/wp-content\/uploads\/2022\/04\/etui-besteck-150x150.jpg 150w, https:\/\/fadenkind.ch\/wp-content\/uploads\/2022\/04\/etui-besteck-768x768.jpg 768w, https:\/\/fadenkind.ch\/wp-content\/uploads\/2022\/04\/etui-besteck.jpg 1440w\" sizes=\"auto, (max-width: 1024px) 100vw, 1024px\" \/><\/a><figcaption class=\"wp-element-caption\">Besteck-Etui, Chf 17.80<\/figcaption><\/figure>\n<\/div>\n\n\n\n<div class=\"wp-block-column is-layout-flow wp-block-column-is-layout-flow\">\n<figure class=\"wp-block-image size-full\"><a href=\"https:\/\/fadenkind.ch\/wp-content\/uploads\/2022\/04\/Hot.jpg\"><img loading=\"lazy\" decoding=\"async\" width=\"960\" height=\"960\" src=\"https:\/\/fadenkind.ch\/wp-content\/uploads\/2022\/04\/Hot.jpg\" alt=\"\" class=\"wp-image-8482\" srcset=\"https:\/\/fadenkind.ch\/wp-content\/uploads\/2022\/04\/Hot.jpg 960w, https:\/\/fadenkind.ch\/wp-content\/uploads\/2022\/04\/Hot-300x300.jpg 300w, https:\/\/fadenkind.ch\/wp-content\/uploads\/2022\/04\/Hot-150x150.jpg 150w, https:\/\/fadenkind.ch\/wp-content\/uploads\/2022\/04\/Hot-768x768.jpg 768w\" sizes=\"auto, (max-width: 960px) 100vw, 960px\" \/><\/a><figcaption class=\"wp-element-caption\">Hot-Cold-Pack inkl. Inhalt, Chf 11.80<\/figcaption><\/figure>\n<\/div>\n\n\n\n<div class=\"wp-block-column is-layout-flow wp-block-column-is-layout-flow\">\n<figure class=\"wp-block-image size-large\"><a href=\"https:\/\/fadenkind.ch\/wp-content\/uploads\/2022\/04\/handw.jpg\"><img loading=\"lazy\" decoding=\"async\" width=\"1024\" height=\"1024\" src=\"https:\/\/fadenkind.ch\/wp-content\/uploads\/2022\/04\/handw-1024x1024.jpg\" alt=\"\" class=\"wp-image-8483\" srcset=\"https:\/\/fadenkind.ch\/wp-content\/uploads\/2022\/04\/handw-1024x1024.jpg 1024w, https:\/\/fadenkind.ch\/wp-content\/uploads\/2022\/04\/handw-300x300.jpg 300w, https:\/\/fadenkind.ch\/wp-content\/uploads\/2022\/04\/handw-150x150.jpg 150w, https:\/\/fadenkind.ch\/wp-content\/uploads\/2022\/04\/handw-768x768.jpg 768w, https:\/\/fadenkind.ch\/wp-content\/uploads\/2022\/04\/handw-1536x1536.jpg 1536w, https:\/\/fadenkind.ch\/wp-content\/uploads\/2022\/04\/handw.jpg 2048w\" sizes=\"auto, (max-width: 1024px) 100vw, 1024px\" \/><\/a><figcaption class=\"wp-element-caption\">Handw\u00e4rmer aus Dinkel, Chf 4.80 [neues Design]<\/figcaption><\/figure>\n<\/div>\n<\/div>\n\n\n\n<p><\/p>\n","protected":false},"excerpt":{"rendered":"<p>Anbei ein kleiner Einblick zu weiteren fadenkind-Produkten. Hier zeige ich euch gerne Allerlei an Produkten in und um die K\u00fcche sowie Prdoukte, welche sich f\u00fcr den Outdoorbereich eignen. F\u00fcr Fragen stehe ich euch gerne zur Verf\u00fcgung unter info@fadenkind.ch oder Messenger.<\/p>\n","protected":false},"author":2,"featured_media":0,"parent":8366,"menu_order":4,"comment_status":"closed","ping_status":"closed","template":"","meta":{"footnotes":""},"class_list":["post-8006","page","type-page","status-publish","hentry"],"_links":{"self":[{"href":"https:\/\/fadenkind.ch\/index.php?rest_route=\/wp\/v2\/pages\/8006","targetHints":{"allow":["GET"]}}],"collection":[{"href":"https:\/\/fadenkind.ch\/index.php?rest_route=\/wp\/v2\/pages"}],"about":[{"href":"https:\/\/fadenkind.ch\/index.php?rest_route=\/wp\/v2\/types\/page"}],"author":[{"embeddable":true,"href":"https:\/\/fadenkind.ch\/index.php?rest_route=\/wp\/v2\/users\/2"}],"replies":[{"embeddable":true,"href":"https:\/\/fadenkind.ch\/index.php?rest_route=%2Fwp%2Fv2%2Fcomments&post=8006"}],"version-history":[{"count":16,"href":"https:\/\/fadenkind.ch\/index.php?rest_route=\/wp\/v2\/pages\/8006\/revisions"}],"predecessor-version":[{"id":8653,"href":"https:\/\/fadenkind.ch\/index.php?rest_route=\/wp\/v2\/pages\/8006\/revisions\/8653"}],"up":[{"embeddable":true,"href":"https:\/\/fadenkind.ch\/index.php?rest_route=\/wp\/v2\/pages\/8366"}],"wp:attachment":[{"href":"https:\/\/fadenkind.ch\/index.php?rest_route=%2Fwp%2Fv2%2Fmedia&parent=8006"}],"curies":[{"name":"wp","href":"https:\/\/api.w.org\/{rel}","templated":true}]}}