{"id":8372,"date":"2022-04-03T10:35:14","date_gmt":"2022-04-03T10:35:14","guid":{"rendered":"https:\/\/fadenkind.ch\/?page_id=8372"},"modified":"2024-01-29T08:54:02","modified_gmt":"2024-01-29T08:54:02","slug":"abschminkpads","status":"publish","type":"page","link":"https:\/\/fadenkind.ch\/?page_id=8372","title":{"rendered":"Abschminkpads"},"content":{"rendered":"\n<p>Wiederverwendbare Abschminkpads z\u00e4hlen ebenfalls zu den nachhaltigen fadenkind-Produkten. Sie sind bei 60 Grad waschbar bestehend aus einem Frottee- und Bumwollstoff-Anteil.<\/p>\n\n\n\n<p>Sieben Pads inkl. Aufbewahrungsd\u00f6sli [neu] sind f\u00fcr Chf 27.80 erh\u00e4ltlich. Weitere Pads sowie ein W\u00e4schebeutel k\u00f6nnen selbstverst\u00e4ndlich dazu gekauft werden. Nicht Tumbler geeignet.<\/p>\n\n\n\n<div class=\"wp-block-columns is-layout-flex wp-container-core-columns-is-layout-9d6595d7 wp-block-columns-is-layout-flex\">\n<div class=\"wp-block-column is-layout-flow wp-block-column-is-layout-flow\">\n<figure class=\"wp-block-image size-large\"><a href=\"https:\/\/fadenkind.ch\/wp-content\/uploads\/2022\/04\/Pads2-1024x1024-1.jpg\"><img loading=\"lazy\" decoding=\"async\" width=\"1024\" height=\"1024\" src=\"https:\/\/fadenkind.ch\/wp-content\/uploads\/2022\/04\/Pads2-1024x1024-1-1024x1024.jpg\" alt=\"\" class=\"wp-image-8373\" srcset=\"https:\/\/fadenkind.ch\/wp-content\/uploads\/2022\/04\/Pads2-1024x1024-1.jpg 1024w, https:\/\/fadenkind.ch\/wp-content\/uploads\/2022\/04\/Pads2-1024x1024-1-300x300.jpg 300w, https:\/\/fadenkind.ch\/wp-content\/uploads\/2022\/04\/Pads2-1024x1024-1-150x150.jpg 150w, https:\/\/fadenkind.ch\/wp-content\/uploads\/2022\/04\/Pads2-1024x1024-1-768x768.jpg 768w\" sizes=\"auto, (max-width: 1024px) 100vw, 1024px\" \/><\/a><\/figure>\n<\/div>\n\n\n\n<div class=\"wp-block-column is-layout-flow wp-block-column-is-layout-flow\">\n<figure class=\"wp-block-image size-large\"><a href=\"https:\/\/fadenkind.ch\/wp-content\/uploads\/2022\/04\/Pads3-1024x1024-1.jpg\"><img loading=\"lazy\" decoding=\"async\" width=\"1024\" height=\"1024\" src=\"https:\/\/fadenkind.ch\/wp-content\/uploads\/2022\/04\/Pads3-1024x1024-1-1024x1024.jpg\" alt=\"\" class=\"wp-image-8374\" srcset=\"https:\/\/fadenkind.ch\/wp-content\/uploads\/2022\/04\/Pads3-1024x1024-1.jpg 1024w, https:\/\/fadenkind.ch\/wp-content\/uploads\/2022\/04\/Pads3-1024x1024-1-300x300.jpg 300w, https:\/\/fadenkind.ch\/wp-content\/uploads\/2022\/04\/Pads3-1024x1024-1-150x150.jpg 150w, https:\/\/fadenkind.ch\/wp-content\/uploads\/2022\/04\/Pads3-1024x1024-1-768x768.jpg 768w\" sizes=\"auto, (max-width: 1024px) 100vw, 1024px\" \/><\/a><\/figure>\n<\/div>\n\n\n\n<div class=\"wp-block-column is-layout-flow wp-block-column-is-layout-flow\">\n<figure class=\"wp-block-image size-large\"><a href=\"https:\/\/fadenkind.ch\/wp-content\/uploads\/2022\/04\/Pads-1024x1024-1.jpg\"><img loading=\"lazy\" decoding=\"async\" width=\"1024\" height=\"1024\" src=\"https:\/\/fadenkind.ch\/wp-content\/uploads\/2022\/04\/Pads-1024x1024-1-1024x1024.jpg\" alt=\"\" class=\"wp-image-8375\" srcset=\"https:\/\/fadenkind.ch\/wp-content\/uploads\/2022\/04\/Pads-1024x1024-1.jpg 1024w, https:\/\/fadenkind.ch\/wp-content\/uploads\/2022\/04\/Pads-1024x1024-1-300x300.jpg 300w, https:\/\/fadenkind.ch\/wp-content\/uploads\/2022\/04\/Pads-1024x1024-1-150x150.jpg 150w, https:\/\/fadenkind.ch\/wp-content\/uploads\/2022\/04\/Pads-1024x1024-1-768x768.jpg 768w\" sizes=\"auto, (max-width: 1024px) 100vw, 1024px\" \/><\/a><\/figure>\n<\/div>\n<\/div>\n","protected":false},"excerpt":{"rendered":"<p>Wiederverwendbare Abschminkpads z\u00e4hlen ebenfalls zu den nachhaltigen fadenkind-Produkten. Sie sind bei 60 Grad waschbar bestehend aus einem Frottee- und Bumwollstoff-Anteil. Sieben Pads inkl. Aufbewahrungsd\u00f6sli [neu] sind f\u00fcr Chf 27.80 erh\u00e4ltlich. Weitere Pads sowie ein W\u00e4schebeutel k\u00f6nnen selbstverst\u00e4ndlich dazu gekauft werden. Nicht Tumbler geeignet.<\/p>\n","protected":false},"author":2,"featured_media":0,"parent":8364,"menu_order":6,"comment_status":"closed","ping_status":"closed","template":"","meta":{"footnotes":""},"class_list":["post-8372","page","type-page","status-publish","hentry"],"_links":{"self":[{"href":"https:\/\/fadenkind.ch\/index.php?rest_route=\/wp\/v2\/pages\/8372","targetHints":{"allow":["GET"]}}],"collection":[{"href":"https:\/\/fadenkind.ch\/index.php?rest_route=\/wp\/v2\/pages"}],"about":[{"href":"https:\/\/fadenkind.ch\/index.php?rest_route=\/wp\/v2\/types\/page"}],"author":[{"embeddable":true,"href":"https:\/\/fadenkind.ch\/index.php?rest_route=\/wp\/v2\/users\/2"}],"replies":[{"embeddable":true,"href":"https:\/\/fadenkind.ch\/index.php?rest_route=%2Fwp%2Fv2%2Fcomments&post=8372"}],"version-history":[{"count":2,"href":"https:\/\/fadenkind.ch\/index.php?rest_route=\/wp\/v2\/pages\/8372\/revisions"}],"predecessor-version":[{"id":8651,"href":"https:\/\/fadenkind.ch\/index.php?rest_route=\/wp\/v2\/pages\/8372\/revisions\/8651"}],"up":[{"embeddable":true,"href":"https:\/\/fadenkind.ch\/index.php?rest_route=\/wp\/v2\/pages\/8364"}],"wp:attachment":[{"href":"https:\/\/fadenkind.ch\/index.php?rest_route=%2Fwp%2Fv2%2Fmedia&parent=8372"}],"curies":[{"name":"wp","href":"https:\/\/api.w.org\/{rel}","templated":true}]}}

<p>Wiederverwendbare Abschminkpads zählen ebenfalls zu den nachhaltigen fadenkind-Produkten. Sie sind bei 60 Grad waschbar bestehend aus einem Frottee- und Bumwollstoff-Anteil.</p>



<p>Sieben Pads inkl. Aufbewahrungsdösli [neu] sind für Chf 27.80 erhältlich. Weitere Pads sowie ein Wäschebeutel können selbstverständlich dazu gekauft werden. Nicht Tumbler geeignet.</p>



<div class="wp-block-columns is-layout-flex wp-container-core-columns-is-layout-9d6595d7 wp-block-columns-is-layout-flex">
<div class="wp-block-column is-layout-flow wp-block-column-is-layout-flow">
<figure class="wp-block-image size-large"><a href="https://fadenkind.ch/wp-content/uploads/2022/04/Pads2-1024x1024-1.jpg"><img loading="lazy" decoding="async" width="1024" height="1024" src="https://fadenkind.ch/wp-content/uploads/2022/04/Pads2-1024x1024-1-1024x1024.jpg" alt="" class="wp-image-8373" srcset="https://fadenkind.ch/wp-content/uploads/2022/04/Pads2-1024x1024-1.jpg 1024w, https://fadenkind.ch/wp-content/uploads/2022/04/Pads2-1024x1024-1-300x300.jpg 300w, https://fadenkind.ch/wp-content/uploads/2022/04/Pads2-1024x1024-1-150x150.jpg 150w, https://fadenkind.ch/wp-content/uploads/2022/04/Pads2-1024x1024-1-768x768.jpg 768w" sizes="auto, (max-width: 1024px) 100vw, 1024px" /></a></figure>
</div>



<div class="wp-block-column is-layout-flow wp-block-column-is-layout-flow">
<figure class="wp-block-image size-large"><a href="https://fadenkind.ch/wp-content/uploads/2022/04/Pads3-1024x1024-1.jpg"><img loading="lazy" decoding="async" width="1024" height="1024" src="https://fadenkind.ch/wp-content/uploads/2022/04/Pads3-1024x1024-1-1024x1024.jpg" alt="" class="wp-image-8374" srcset="https://fadenkind.ch/wp-content/uploads/2022/04/Pads3-1024x1024-1.jpg 1024w, https://fadenkind.ch/wp-content/uploads/2022/04/Pads3-1024x1024-1-300x300.jpg 300w, https://fadenkind.ch/wp-content/uploads/2022/04/Pads3-1024x1024-1-150x150.jpg 150w, https://fadenkind.ch/wp-content/uploads/2022/04/Pads3-1024x1024-1-768x768.jpg 768w" sizes="auto, (max-width: 1024px) 100vw, 1024px" /></a></figure>
</div>



<div class="wp-block-column is-layout-flow wp-block-column-is-layout-flow">
<figure class="wp-block-image size-large"><a href="https://fadenkind.ch/wp-content/uploads/2022/04/Pads-1024x1024-1.jpg"><img loading="lazy" decoding="async" width="1024" height="1024" src="https://fadenkind.ch/wp-content/uploads/2022/04/Pads-1024x1024-1-1024x1024.jpg" alt="" class="wp-image-8375" srcset="https://fadenkind.ch/wp-content/uploads/2022/04/Pads-1024x1024-1.jpg 1024w, https://fadenkind.ch/wp-content/uploads/2022/04/Pads-1024x1024-1-300x300.jpg 300w, https://fadenkind.ch/wp-content/uploads/2022/04/Pads-1024x1024-1-150x150.jpg 150w, https://fadenkind.ch/wp-content/uploads/2022/04/Pads-1024x1024-1-768x768.jpg 768w" sizes="auto, (max-width: 1024px) 100vw, 1024px" /></a></figure>
</div>
</div>

<p>Wiederverwendbare Abschminkpads zählen ebenfalls zu den nachhaltigen fadenkind-Produkten. Sie sind bei 60 Grad waschbar bestehend aus einem Frottee- und Bumwollstoff-Anteil. Sieben Pads inkl. Aufbewahrungsdösli [neu] sind für Chf 27.80 erhältlich. Weitere Pads sowie ein Wäschebeutel können selbstverständlich dazu gekauft werden. Nicht Tumbler geeignet.</p>
